{"id":63,"date":"2025-12-06T19:27:11","date_gmt":"2025-12-06T19:27:11","guid":{"rendered":"https:\/\/ateliergalerie-philippeparrinello.fr\/?page_id=63"},"modified":"2026-07-13T10:44:23","modified_gmt":"2026-07-13T10:44:23","slug":"evenement","status":"publish","type":"page","link":"https:\/\/ateliergalerie-philippeparrinello.fr\/index.php\/evenement\/","title":{"rendered":"Ev\u00e8nements"},"content":{"rendered":"<div class=\"wp-block-image\">\n<figure class=\"aligncenter size-large is-resized\"><img loading=\"lazy\" decoding=\"async\" width=\"656\" height=\"1024\" src=\"https:\/\/ateliergalerie-philippeparrinello.fr\/wp-content\/uploads\/2025\/12\/s-656x1024.jpg\" alt=\"\" class=\"wp-image-123\" style=\"aspect-ratio:0.6455937438391273;width:207px;height:auto\" srcset=\"https:\/\/ateliergalerie-philippeparrinello.fr\/wp-content\/uploads\/2025\/12\/s-656x1024.jpg 656w, https:\/\/ateliergalerie-philippeparrinello.fr\/wp-content\/uploads\/2025\/12\/s-192x300.jpg 192w, https:\/\/ateliergalerie-philippeparrinello.fr\/wp-content\/uploads\/2025\/12\/s-768x1200.jpg 768w, https:\/\/ateliergalerie-philippeparrinello.fr\/wp-content\/uploads\/2025\/12\/s-983x1536.jpg 983w, https:\/\/ateliergalerie-philippeparrinello.fr\/wp-content\/uploads\/2025\/12\/s-1311x2048.jpg 1311w, https:\/\/ateliergalerie-philippeparrinello.fr\/wp-content\/uploads\/2025\/12\/s-scaled.jpg 1639w\" sizes=\"auto, (max-width: 656px) 100vw, 656px\" \/><\/figure>\n<\/div>\n\n\n<p class=\"wp-block-paragraph\">Ouverture de <strong>L&rsquo;Atelier\/Galerie-Philippe Parrinello<\/strong> \u00e0 Saint-Etienne-du-bois en Juillet 2026.<\/p>\n\n\n\n<p class=\"wp-block-paragraph\">Vernissage de l&rsquo;exposition permanente le 11 juillet 2026<\/p>\n\n\n\n<figure class=\"wp-block-image size-large\"><img loading=\"lazy\" decoding=\"async\" width=\"1024\" height=\"768\" src=\"https:\/\/ateliergalerie-philippeparrinello.fr\/wp-content\/uploads\/2026\/07\/20260711_111449-3-1024x768.jpg\" alt=\"\" class=\"wp-image-292\" srcset=\"https:\/\/ateliergalerie-philippeparrinello.fr\/wp-content\/uploads\/2026\/07\/20260711_111449-3-1024x768.jpg 1024w, https:\/\/ateliergalerie-philippeparrinello.fr\/wp-content\/uploads\/2026\/07\/20260711_111449-3-300x225.jpg 300w, https:\/\/ateliergalerie-philippeparrinello.fr\/wp-content\/uploads\/2026\/07\/20260711_111449-3-768x576.jpg 768w, https:\/\/ateliergalerie-philippeparrinello.fr\/wp-content\/uploads\/2026\/07\/20260711_111449-3-1536x1152.jpg 1536w, https:\/\/ateliergalerie-philippeparrinello.fr\/wp-content\/uploads\/2026\/07\/20260711_111449-3-2048x1536.jpg 2048w, https:\/\/ateliergalerie-philippeparrinello.fr\/wp-content\/uploads\/2026\/07\/20260711_111449-3-400x300.jpg 400w\" sizes=\"auto, (max-width: 1024px) 100vw, 1024px\" \/><\/figure>\n\n\n\n<figure class=\"wp-block-image size-large\"><img loading=\"lazy\" decoding=\"async\" width=\"1024\" height=\"768\" src=\"https:\/\/ateliergalerie-philippeparrinello.fr\/wp-content\/uploads\/2026\/07\/20260711_114128-1-1024x768.jpg\" alt=\"\" class=\"wp-image-293\" srcset=\"https:\/\/ateliergalerie-philippeparrinello.fr\/wp-content\/uploads\/2026\/07\/20260711_114128-1-1024x768.jpg 1024w, https:\/\/ateliergalerie-philippeparrinello.fr\/wp-content\/uploads\/2026\/07\/20260711_114128-1-300x225.jpg 300w, https:\/\/ateliergalerie-philippeparrinello.fr\/wp-content\/uploads\/2026\/07\/20260711_114128-1-768x576.jpg 768w, https:\/\/ateliergalerie-philippeparrinello.fr\/wp-content\/uploads\/2026\/07\/20260711_114128-1-1536x1152.jpg 1536w, https:\/\/ateliergalerie-philippeparrinello.fr\/wp-content\/uploads\/2026\/07\/20260711_114128-1-2048x1536.jpg 2048w, https:\/\/ateliergalerie-philippeparrinello.fr\/wp-content\/uploads\/2026\/07\/20260711_114128-1-400x300.jpg 400w\" sizes=\"auto, (max-width: 1024px) 100vw, 1024px\" \/><\/figure>\n\n\n\n<p class=\"wp-block-paragraph\">Pr\u00e9sentation au public devant l&rsquo;atelier de l&rsquo;\u0153uvre \u00a0\u00bb Nouveaux r\u00e9cits \u00a0\u00bb qui sera expos\u00e9e \u00e0 la Chapelle de la Tul\u00e9vriere \u00e0 Saint Etienne du Bois du 16 juillet au 16 Aout 2026.<\/p>\n\n\n\n<figure class=\"wp-block-image size-large\"><img loading=\"lazy\" decoding=\"async\" width=\"1024\" height=\"768\" src=\"https:\/\/ateliergalerie-philippeparrinello.fr\/wp-content\/uploads\/2026\/07\/20260711_105316-1024x768.jpg\" alt=\"\" class=\"wp-image-268\" srcset=\"https:\/\/ateliergalerie-philippeparrinello.fr\/wp-content\/uploads\/2026\/07\/20260711_105316-1024x768.jpg 1024w, https:\/\/ateliergalerie-philippeparrinello.fr\/wp-content\/uploads\/2026\/07\/20260711_105316-300x225.jpg 300w, https:\/\/ateliergalerie-philippeparrinello.fr\/wp-content\/uploads\/2026\/07\/20260711_105316-768x576.jpg 768w, https:\/\/ateliergalerie-philippeparrinello.fr\/wp-content\/uploads\/2026\/07\/20260711_105316-1536x1152.jpg 1536w, https:\/\/ateliergalerie-philippeparrinello.fr\/wp-content\/uploads\/2026\/07\/20260711_105316-2048x1536.jpg 2048w, https:\/\/ateliergalerie-philippeparrinello.fr\/wp-content\/uploads\/2026\/07\/20260711_105316-400x300.jpg 400w\" sizes=\"auto, (max-width: 1024px) 100vw, 1024px\" \/><\/figure>\n\n\n\n<figure class=\"wp-block-image size-large\"><img loading=\"lazy\" decoding=\"async\" width=\"713\" height=\"1024\" src=\"https:\/\/ateliergalerie-philippeparrinello.fr\/wp-content\/uploads\/2026\/07\/a1-713x1024.jpg\" alt=\"\" class=\"wp-image-269\" srcset=\"https:\/\/ateliergalerie-philippeparrinello.fr\/wp-content\/uploads\/2026\/07\/a1-713x1024.jpg 713w, https:\/\/ateliergalerie-philippeparrinello.fr\/wp-content\/uploads\/2026\/07\/a1-209x300.jpg 209w, https:\/\/ateliergalerie-philippeparrinello.fr\/wp-content\/uploads\/2026\/07\/a1-768x1103.jpg 768w, https:\/\/ateliergalerie-philippeparrinello.fr\/wp-content\/uploads\/2026\/07\/a1-1069x1536.jpg 1069w, https:\/\/ateliergalerie-philippeparrinello.fr\/wp-content\/uploads\/2026\/07\/a1-1426x2048.jpg 1426w, https:\/\/ateliergalerie-philippeparrinello.fr\/wp-content\/uploads\/2026\/07\/a1-scaled.jpg 1782w\" sizes=\"auto, (max-width: 713px) 100vw, 713px\" \/><\/figure>\n\n\n\n<p class=\"wp-block-paragraph\"><\/p>\n","protected":false},"excerpt":{"rendered":"<p>Ouverture de L&rsquo;Atelier\/Galerie-Philippe Parrinello \u00e0 Saint-Etienne-du-bois en Juillet 2026. Vernissage de l&rsquo;exposition permanente le 11 juillet 2026 Pr\u00e9sentation au public devant l&rsquo;atelier de l&rsquo;\u0153uvre \u00a0\u00bb Nouveaux r\u00e9cits \u00a0\u00bb qui sera expos\u00e9e \u00e0 la Chapelle de la Tul\u00e9vriere \u00e0 Saint Etienne &hellip; <a href=\"https:\/\/ateliergalerie-philippeparrinello.fr\/index.php\/evenement\/\">Continuer la lecture <span class=\"meta-nav\">&rarr;<\/span><\/a><\/p>\n","protected":false},"author":1,"featured_media":0,"parent":0,"menu_order":0,"comment_status":"closed","ping_status":"closed","template":"","meta":{"footnotes":""},"class_list":["post-63","page","type-page","status-publish","hentry"],"_links":{"self":[{"href":"https:\/\/ateliergalerie-philippeparrinello.fr\/index.php\/wp-json\/wp\/v2\/pages\/63","targetHints":{"allow":["GET"]}}],"collection":[{"href":"https:\/\/ateliergalerie-philippeparrinello.fr\/index.php\/wp-json\/wp\/v2\/pages"}],"about":[{"href":"https:\/\/ateliergalerie-philippeparrinello.fr\/index.php\/wp-json\/wp\/v2\/types\/page"}],"author":[{"embeddable":true,"href":"https:\/\/ateliergalerie-philippeparrinello.fr\/index.php\/wp-json\/wp\/v2\/users\/1"}],"replies":[{"embeddable":true,"href":"https:\/\/ateliergalerie-philippeparrinello.fr\/index.php\/wp-json\/wp\/v2\/comments?post=63"}],"version-history":[{"count":8,"href":"https:\/\/ateliergalerie-philippeparrinello.fr\/index.php\/wp-json\/wp\/v2\/pages\/63\/revisions"}],"predecessor-version":[{"id":294,"href":"https:\/\/ateliergalerie-philippeparrinello.fr\/index.php\/wp-json\/wp\/v2\/pages\/63\/revisions\/294"}],"wp:attachment":[{"href":"https:\/\/ateliergalerie-philippeparrinello.fr\/index.php\/wp-json\/wp\/v2\/media?parent=63"}],"curies":[{"name":"wp","href":"https:\/\/api.w.org\/{rel}","templated":true}]}}

Evènements

<div class="wp-block-image">
<figure class="aligncenter size-large is-resized"><img loading="lazy" decoding="async" width="656" height="1024" src="https://ateliergalerie-philippeparrinello.fr/wp-content/uploads/2025/12/s-656x1024.jpg" alt="" class="wp-image-123" style="aspect-ratio:0.6455937438391273;width:207px;height:auto" srcset="https://ateliergalerie-philippeparrinello.fr/wp-content/uploads/2025/12/s-656x1024.jpg 656w, https://ateliergalerie-philippeparrinello.fr/wp-content/uploads/2025/12/s-192x300.jpg 192w, https://ateliergalerie-philippeparrinello.fr/wp-content/uploads/2025/12/s-768x1200.jpg 768w, https://ateliergalerie-philippeparrinello.fr/wp-content/uploads/2025/12/s-983x1536.jpg 983w, https://ateliergalerie-philippeparrinello.fr/wp-content/uploads/2025/12/s-1311x2048.jpg 1311w, https://ateliergalerie-philippeparrinello.fr/wp-content/uploads/2025/12/s-scaled.jpg 1639w" sizes="auto, (max-width: 656px) 100vw, 656px" /></figure>
</div>


<p class="wp-block-paragraph">Ouverture de <strong>L&rsquo;Atelier/Galerie-Philippe Parrinello</strong> à Saint-Etienne-du-bois en Juillet 2026.</p>



<p class="wp-block-paragraph">Vernissage de l&rsquo;exposition permanente le 11 juillet 2026</p>



<figure class="wp-block-image size-large"><img loading="lazy" decoding="async" width="1024" height="768" src="https://ateliergalerie-philippeparrinello.fr/wp-content/uploads/2026/07/20260711_111449-3-1024x768.jpg" alt="" class="wp-image-292" srcset="https://ateliergalerie-philippeparrinello.fr/wp-content/uploads/2026/07/20260711_111449-3-1024x768.jpg 1024w, https://ateliergalerie-philippeparrinello.fr/wp-content/uploads/2026/07/20260711_111449-3-300x225.jpg 300w, https://ateliergalerie-philippeparrinello.fr/wp-content/uploads/2026/07/20260711_111449-3-768x576.jpg 768w, https://ateliergalerie-philippeparrinello.fr/wp-content/uploads/2026/07/20260711_111449-3-1536x1152.jpg 1536w, https://ateliergalerie-philippeparrinello.fr/wp-content/uploads/2026/07/20260711_111449-3-2048x1536.jpg 2048w, https://ateliergalerie-philippeparrinello.fr/wp-content/uploads/2026/07/20260711_111449-3-400x300.jpg 400w" sizes="auto, (max-width: 1024px) 100vw, 1024px" /></figure>



<figure class="wp-block-image size-large"><img loading="lazy" decoding="async" width="1024" height="768" src="https://ateliergalerie-philippeparrinello.fr/wp-content/uploads/2026/07/20260711_114128-1-1024x768.jpg" alt="" class="wp-image-293" srcset="https://ateliergalerie-philippeparrinello.fr/wp-content/uploads/2026/07/20260711_114128-1-1024x768.jpg 1024w, https://ateliergalerie-philippeparrinello.fr/wp-content/uploads/2026/07/20260711_114128-1-300x225.jpg 300w, https://ateliergalerie-philippeparrinello.fr/wp-content/uploads/2026/07/20260711_114128-1-768x576.jpg 768w, https://ateliergalerie-philippeparrinello.fr/wp-content/uploads/2026/07/20260711_114128-1-1536x1152.jpg 1536w, https://ateliergalerie-philippeparrinello.fr/wp-content/uploads/2026/07/20260711_114128-1-2048x1536.jpg 2048w, https://ateliergalerie-philippeparrinello.fr/wp-content/uploads/2026/07/20260711_114128-1-400x300.jpg 400w" sizes="auto, (max-width: 1024px) 100vw, 1024px" /></figure>



<p class="wp-block-paragraph">Présentation au public devant l&rsquo;atelier de l&rsquo;œuvre  » Nouveaux récits  » qui sera exposée à la Chapelle de la Tulévriere à Saint Etienne du Bois du 16 juillet au 16 Aout 2026.</p>



<figure class="wp-block-image size-large"><img loading="lazy" decoding="async" width="1024" height="768" src="https://ateliergalerie-philippeparrinello.fr/wp-content/uploads/2026/07/20260711_105316-1024x768.jpg" alt="" class="wp-image-268" srcset="https://ateliergalerie-philippeparrinello.fr/wp-content/uploads/2026/07/20260711_105316-1024x768.jpg 1024w, https://ateliergalerie-philippeparrinello.fr/wp-content/uploads/2026/07/20260711_105316-300x225.jpg 300w, https://ateliergalerie-philippeparrinello.fr/wp-content/uploads/2026/07/20260711_105316-768x576.jpg 768w, https://ateliergalerie-philippeparrinello.fr/wp-content/uploads/2026/07/20260711_105316-1536x1152.jpg 1536w, https://ateliergalerie-philippeparrinello.fr/wp-content/uploads/2026/07/20260711_105316-2048x1536.jpg 2048w, https://ateliergalerie-philippeparrinello.fr/wp-content/uploads/2026/07/20260711_105316-400x300.jpg 400w" sizes="auto, (max-width: 1024px) 100vw, 1024px" /></figure>



<figure class="wp-block-image size-large"><img loading="lazy" decoding="async" width="713" height="1024" src="https://ateliergalerie-philippeparrinello.fr/wp-content/uploads/2026/07/a1-713x1024.jpg" alt="" class="wp-image-269" srcset="https://ateliergalerie-philippeparrinello.fr/wp-content/uploads/2026/07/a1-713x1024.jpg 713w, https://ateliergalerie-philippeparrinello.fr/wp-content/uploads/2026/07/a1-209x300.jpg 209w, https://ateliergalerie-philippeparrinello.fr/wp-content/uploads/2026/07/a1-768x1103.jpg 768w, https://ateliergalerie-philippeparrinello.fr/wp-content/uploads/2026/07/a1-1069x1536.jpg 1069w, https://ateliergalerie-philippeparrinello.fr/wp-content/uploads/2026/07/a1-1426x2048.jpg 1426w, https://ateliergalerie-philippeparrinello.fr/wp-content/uploads/2026/07/a1-scaled.jpg 1782w" sizes="auto, (max-width: 713px) 100vw, 713px" /></figure>



<p class="wp-block-paragraph"></p>

<p>Ouverture de L&rsquo;Atelier/Galerie-Philippe Parrinello à Saint-Etienne-du-bois en Juillet 2026. Vernissage de l&rsquo;exposition permanente le 11 juillet 2026 Présentation au public devant l&rsquo;atelier de l&rsquo;œuvre  » Nouveaux récits  » qui sera exposée à la Chapelle de la Tulévriere à Saint Etienne &hellip; <a href="https://ateliergalerie-philippeparrinello.fr/index.php/evenement/">Continuer la lecture <span class="meta-nav">&rarr;</span></a></p>
